f 2958871974?
2
What is the hundreds digit of 6359734923?
9
What is the hundred thousands digit of 237665422?
6
What is the units digit of 3475051468?
8
What is the ten millions digit of 1530541649?
3
What is the ten thousands digit of 39383380?
8
What is the ten millions digit of 39782138?
3
What is the hundred thousands digit of 33507911?
5
What is the millions digit of 636703163?
6
What is the millions digit of 4321468612?
1
What is the ten millions digit of 2407765619?
0
What is the thousands digit of 52675821?
5
What is the hundred millions digit of 832902258?
8
What is the tens digit of 66889845?
4
What is the thousands digit of 145768100?
8
What is the ten thousands digit of 13420544?
2
What is the hundred thousands digit of 3627571032?
5
What is the thousands digit of 114234130?
4
What is the tens digit of 80491670?
7
What is the hundred thousands digit of 13447881?
4
What is the thousands digit of 526597870?
7
What is the hundreds digit of 335919968?
9
What is the hundreds digit of 54855331?
3
What is the tens digit of 36971186?
8
What is the ten thousands digit of 73281721?
8
What is the tens digit of 153265960?
6
What is the ten thousands digit of 38915678?
1
What is the millions digit of 886815413?
6
What is the billions digit of 1977783256?
1
What is the hundred millions digit of 231383244?
2
What is the thousands digit of 1379169912?
9
What is the ten millions digit of 6171464787?
7
What is the thousands digit of 409739541?
9
What is the ten millions digit of 77148342?
7
What is the hundred millions digit of 165958874?
1
What is the units digit of 468780862?
2
What is the hundreds digit of 1287809199?
1
What is the hundred thousands digit of 9900880?
9
What is the hundreds digit of 37789391?
3
What is the hundred thousands digit of 59846625?
8
What is the millions digit of 12427692?
2
What is the tens digit of 2712681456?
5
What is the hundreds digit of 946468720?
7
What is the tens digit of 400188041?
4
What is the ten millions digit of 85214219?
8
What is the units digit of 13893198?
8
What is the units digit of 45918747?
7
What is the hundred thousands digit of 247595944?
5
What is the tens digit of 813660104?
0
What is the millions digit of 81192371?
1
What is the ten millions digit of 3799655010?
9
What is the units digit of 3987210158?
8
What is the hundred millions digit of 326035515?
3
What is the units digit of 61731085?
5
What is the ten thousands digit of 21148382?
4
What is the tens digit of 865582809?
0
What is the hundreds digit of 382254792?
7
What is the ten millions digit of 3016450397?
1
What is the thousands digit of 7165677?
5
What is the hundred millions digit of 132666405?
1
What is the hundred millions digit of 698808986?
6
What is the hundreds digit of 4478723535?
5
What is the thousands digit of 5441781719?
1
What is the thousands digit of 1440104990?
4
What is the millions digit of 134634360?
4
What is the tens digit of 799633830?
3
What is the hundred millions digit of 160388581?
1
What is the tens digit of 32454793?
9
What is the hundred thousands digit of 118104473?
1
What is the hundred millions digit of 2582563676?
5
What is the thousands digit of 1388375145?
5
What is the hundreds digit of 117383619?
6
What is the thousands digit of 323795564?
5
What is the millions digit of 420051383?
0
What is the units digit of 35436557?
7
What is the hundred millions digit of 256761841?
2
What is the tens digit of 55413264?
6
What is the millions digit of 39997832?
9
What is the ten thousands digit of 44538950?
3
What is the thousands digit of 9953470?
3
What is the tens digit of 2870401317?
1
What is the ten millions digit of 2781435291?
8
What is the ten thousands digit of 59891391?
9
What is the millions digit of 1725867731?
5
What is the hundreds digit of 64764421?
4
What is the ten millions digit of 690597401?
9
What is the ten thousands digit of 36846282?
4
What is the tens digit of 353949428?
2
What is the thousands digit of 19156765?
6
What is the units digit of 38264220?
0
What is the thousands digit of 6344759177?
9
What is the tens digit of 1482316029?
2
What is the millions digit of 63689951?
3
What is the hundreds digit of 719043764?
7
What is the thousands digit of 1861970159?
0
What is the hundreds digit of 1491503?
5
What is the ten thousands digit of 52230667?
3
What is the thousands digit of 876758318?
8
What is the units digit of 57552861?
1
What is the billions digit of 3867017946?
3
What is the units digit of 1444405290?
0
What is the hundred millions digit of 755638899?
7
What is the hundred thousands digit of 45455597?
4
What is the tens digit of 59659254?
5
What is the hundreds digit of 195128085?
0
What is the hundred thousands digit of 190419664?
4
What is the thousands digit of 60517716?
7
What is the hundreds digit of 39013548?
5
What is the hundred thousands digit of 342518882?
5
What is the units digit of 3576666234?
4
What is the ten millions digit of 638325888?
3
What is the hundreds digit of 521319387?
3
What is the hundred thousands digit of 195605030?
6
What is the hundred thousands digit of 24291054?
2
What is the tens digit of 3734676843?
4
What is the millions digit of 52091410?
2
What is the ten millions digit of 60403683?
6
What is the tens digit of 22576330?
3
What is the ten millions digit of 1226425569?
2
What is the hundred thousands digit of 727301299?
3
What is the millions digit of 3072255518?
2
What is the hundreds digit of 40594214?
2
What is the hundred thousands digit of 63348585?
3
What is the ten millions digit of 173623115?
7
What is the tens digit of 959329065?
6
What is the thousands digit of 244720771?
0
What is the units digit of 59274212?
2
What is the units digit of 347046026?
6
What is the hundreds digit of 208203396?
3
What is the hundred millions digit of 538175141?
5
What is the ten thousands digit of 7935158?
3
What is the thousands digit of 717850898?
0
What is the hundred thousands digit of 250638703?
6
What is the hundreds digit of 1072122439?
4
What is the ten thousands digit of 170048156?
4
What is the ten millions digit of 1244124739?
4
What is the ten millions digit of 117479834?
1
What is the hundred thousands digit of 9175044?
1
What is the ten thousands digit of 25219302?
1
What is the hundred millions digit of 1209402117?
2
What is the ten millions digit of 6169830439?
6
What is the billions digit of 1610643049?
1
What is the ten thousands digit of 943742994?
4
What is the hundred thousands digit of 855445632?
4
What is the hundred thousands digit of 12124794?
1
What is the tens digit of 1385741970?
7
What is the hundred thousands digit of 312770870?
7
What is the ten thousands digit of 2210296244?
9
What is the tens digit of 2789672755?
5
What is the thousands digit of 138367991?
7
What is the hundreds digit of 700440557?
5
What is the hundred millions digit of 6813774259?
8
What is the hundred millions digit of 3008671636?
0
What is the millions digit of 867646508?
7
What is the ten millions digit of 918937332?
1
What is the ten thousands digit of 525008042?
0
What is the ten millions digit of 39805152?
3
What is the hundreds digit of 2256375?
3
What is the millions digit of 150008587?
0
What is the tens digit of 26400488?
8
What is the ten millions digit of 924324711?
2
What is the hundred millions digit of 4273127701?
2
What is the ten millions digit of 242073084?
4
What is the hundred thousands digit of 2230969425?
9
What is the thousands digit of 430532764?
2
What is the ten millions digit of 1036181781?
3
What is the units digit of 2853163605?
5
What is the thousands digit of 2930662612?
2
What is the thousands digit of 1228350564?
0
What is the thousands digit of 206292089?
2
What is the tens digit of 140965239?
3
What is the hundreds digit of 163892377?
3
What is the ten millions digit of 62787057?
6
What is the ten thousands digit of 634010664?
1
What is the hundred thousands digit of 471819123?
8
What is the millions digit of 270545728?
0
What is the thousands digit of 34017428?
7
What is the tens digit of 219288475?
7
What is the millions digit of 62741168?
2
What is the millions digit of 6400806613?
0
What is the ten thousands digit of 6658223?
5
What is the ten millions digit of 183014371?
8
What is the units digit of